highest common factor of m and 4?
4
Let o be 3 + -3 - (0 - -11). Let f be (1/2)/(o/(-286)). Calculate the greatest common factor of 39 and f.
13
Let b(a) = 7*a - 14. Let y be b(11). What is the greatest common factor of 7 and y?
7
Let k(v) = -23*v. Let u(f) = 2*f. Let i(t) = 2*k(t) + 22*u(t). Let l be i(-5). Calculate the highest common divisor of l and 5.
5
Let s = -56 - 152. Let z be (s/65)/(2/(-55)). Calculate the greatest common divisor of z and 11.
11
Let s be (-6)/(-15) - (36/(-10) + -2). Suppose 2*x + 24 = 4*x. Calculate the greatest common factor of s and x.
6
Let a = 200 - 116. What is the greatest common factor of a and 36?
12
Suppose -5*y = -4*v + 21, y + 7 - 2 = v. Suppose v*m - 18 = 6. What is the highest common factor of 18 and m?
6
Suppose -x + 8*x = 840. Let w be -1*2 + -1 + 18. Calculate the greatest common divisor of x and w.
15
Suppose 3*p = 6*p - 18. Suppose -84 = -p*q + 3*q. Calculate the highest common divisor of q and 4.
4
Suppose -p + 1 + 6 = 0. Suppose 0 = -u + 4*k + 48, -5*u + 2*k = p*k - 115. Calculate the greatest common divisor of u and 42.
14
Let x = -1 - 1. Let o be 0/2*x/4. Let w = 8 + o. Calculate the greatest common factor of 12 and w.
4
Let q(d) = d**2 + 72. Let k be q(0). Let g(s) = 3*s - 7. Let y be g(5). Suppose -54 = -y*j + 5*j. What is the highest common factor of k and j?
18
Let d = 18 + -7. What is the highest common factor of 77 and d?
11
Let y = -12 + 36. What is the greatest common factor of 96 and y?
24
Suppose 93 = 5*p - 27. Calculate the greatest common factor of 264 and p.
24
Let i(s) = s**3 + 5*s**2 - 7*s - 4. Let a be i(-6). Suppose 0*z - 56 = -5*z + w, -a*z = -2*w - 24. Calculate the highest common divisor of 77 and z.
11
Let x = -20 - -39. Calculate the greatest common divisor of x and 19.
19
Suppose 3*r + 36 = 3*m, 0 = 5*m + 4*r - 22 - 29. Calculate the greatest common divisor of 33 and m.
11
Let d be 4/10 + 354/15. What is the highest common factor of d and 216?
24
Suppose y - 12 = -2*y. Suppose -12 = 3*t, -3*t - 3 = -y*p + 73. Calculate the greatest common factor of 2 and p.
2
Suppose 3*p = 3*k + 9, -5*p = -0*p + 4*k - 33. What is the greatest common factor of 5 and p?
5
Let g(b) = 11*b - 5. Let x(p) = -2*p - 12. Let n be x(-8). Let a be g(n). Calculate the greatest common divisor of 26 and a.
13
Suppose x - 27 = -0*x - t, 3*t + 15 = 0. Calculate the greatest common divisor of 8 and x.
8
Suppose 9*y - 6*y - 36 = 0. Suppose -36 = 2*f - 3*f. Calculate the highest common divisor of f and y.
12
Let m = 39 - 26. What is the greatest common factor of 91 and m?
13
Suppose 0 = -5*g + 8*g - 180. What is the highest common factor of 24 and g?
12
Let w = 10 - 5. Let n = 63 + -42. Suppose -w*y + 204 = -n. Calculate the highest common factor of 15 and y.
15
Suppose 2*o + 2*o = 60. Suppose 0 = -m - 4*m + o. Suppose m*i = -2*i + 55. Calculate the greatest common factor of 88 and i.
11
Let p(v) = 9*v + 8. Let s be p(0). What is the highest common factor of s and 88?
8
Let r(h) = 16*h. Let o be r(6). What is the greatest common divisor of 12 and o?
12
Let y(x) = 30*x + 3. Let u be y(2). Suppose -5*j + u = -2*j. What is the highest common factor of 14 and j?
7
Let s = -9 + 23. Let t = 20 - s. Let k be (-1 - 0)/((-6)/24). Calculate the highest common factor of t and k.
2
Suppose 10 = 2*j - 20. Let t be 66/9*j/5. What is the highest common factor of 44 and t?
22
Let p(q) = 6*q**3 + 4*q**2 - 5. Let b(y) = 5*y**3 + 4*y**2 - 4. Let g(m) = 5*b(m) - 4*p(m). Let i be g(4). Calculate the greatest common factor of 16 and i.
16
Suppose -2*a + 2 = -a. Let h = a - 1. Let o = 2 + 2. What is the greatest common factor of h and o?
1
Suppose 5*p + 121 - 331 = 0. Calculate the highest common factor of p and 28.
14
Let r(m) = 3*m. Let h be r(2). Suppose -2 = l - h, 5*p + 2*l = 218. What is the greatest common factor of 21 and p?
21
Suppose -2*m + 10 + 48 = 0. Suppose -2*i + m = -a, -6*i + i + 5*a = -85. What is the greatest common factor of i and 48?
12
Let c be 1 + (-3 - -3) - -19. Let h be (-3)/9 + 14/6. Suppose x - c = -0*z - h*z, 5*z - 57 = x. What is the greatest common divisor of 33 and z?
11
Let l be (-6)/(18/(-381)) - (0 - -1). Calculate the highest common divisor of 18 and l.
18
Let t be 2 + (5 + -3 - -17). Let r(g) = -g**2 + 16. Let u be r(0). Let v = 37 - u. Calculate the highest common divisor of v and t.
21
Suppose -g - 34 = -p - 12, 0 = 2*p - 4*g - 48. Calculate the greatest common divisor of 10 and p.
10
Suppose 0 = -c - 1, 0 = 2*x - 8*c + 3*c - 63. Calculate the greatest common divisor of x and 58.
29
Let b = -16 + 23. Let s(p) = 2*p**2 - 7*p + 6. Let w be s(5). What is the greatest common divisor of b and w?
7
Let l = 28 + -14. Let w = l + -12. What is the highest common factor of w and 6?
2
Let c(u) = 30*u**2 - 2*u + 1. Let t be c(-2). Suppose 5*f + 4*i - t = 0, -3*i + 41 + 31 = 3*f. Let p = 45 - f. Calculate the highest common divisor of p and 16.
16
Suppose -3*s - 407 = 4*o, -84 - 11 = o + 3*s. Suppose -3*j - 5*p + 511 = 0, 2 = -0*p - 2*p. Let g = o + j. Calculate the greatest common divisor of 17 and g.
17
Let m = 2 + -6. Let j(x) = 8*x**2 + 7*x + 6. Let o be j(m). Let f be o + 2/(-1) + 4. What is the highest common factor of f and 12?
12
Let l(r) = r**2 + 2*r - 4. Let q be l(-4). Suppose -i + 5 + q = 0. What is the greatest common divisor of i and 3?
3
Suppose m - 125 = y, 2*y - 143 = 3*y + 5*m. Let a be (y/(-12))/(-2)*-6. Calculate the highest common factor of 48 and a.
16
Let y(a) = a**3 + 9*a**2 + 7*a. Let f be y(-8). Suppose 4*h - f*h = k - 121, 4*h - 4*k = 116. Calculate the greatest common divisor of h and 75.
15
Let l = 774 - 549. Calculate the highest common divisor of 25 and l.
25
Let g = 9 + -1. Let n = 12 + 52. Calculate the highest common divisor of n and g.
8
Let g be (154/70)/((-2)/(-10)). Let v be 89 + 0 - (-1 + 2). Calculate the highest common factor of v and g.
11
Let p = 56 + 277. Suppose 4*v + 453 = 4*t - v, -3*t + p = 3*v. Suppose 3*g - 3*z - 33 = 0, -g - 1 = -3*z - 2*z. Calculate the highest common factor of g and t.
14
Let r be (-442)/(-14) + 12/28. Calculate the greatest common factor of 4 and r.
4
Suppose 0*h + 3*h - 114 = 0. Calculate the greatest common divisor of h and 95.
19
Let x be 0 + 0 - (-4 - -2). Suppose -4*w + 9 = -w - x*r, -2*w + 4*r = -6. Let d be 4/(-16) + 61/4. What is the highest common factor of d and w?
3
Suppose -2*i = 2, -5*i = 2*c - 3*i. Let v be (-20)/(-1)*c/2. Let k be 4/(-14) + (-3792)/(-42). What is the greatest common factor of v and k?
10
Let f(v) = 5*v**2 + 4*v - 1. Let k be f(-4). Let p = 50 - 29. What is the greatest common divisor of k and p?
21
Let k = 18 + -12. Calculate the highest common divisor of 2 and k.
2
Let m(r) = 2 + 8*r + 2*r - 3*r + 8 - r**2. Let i be m(7). What is the greatest common factor of 20 and i?
10
Let y be 256/26 - 6/(-39). What is the greatest common divisor of y and 20?
10
Suppose -2*c = 3*c + 20, 5*c - 16 = -3*s. Suppose -2*b = 2*b - s. Let h be (-5)/3 + (-154)/(-6). Calculate the highest common factor of b and h.
3
Let z be (-282)/9*-6 - -2. Let p = z - 113. Let y be 3/(-1)*(-28)/12. What is the highest common factor of p and y?
7
Let j(n) = 17*n + 1. Let x(o) = -o. Let g(p) = j(p) - 6*x(p). Let q be g(4). Calculate the greatest common divisor of q and 62.
31
Let w be (-3)/(-2) - 33/2. Let x be (48/w)/((-1)/5). Calculate the highest common divisor of 64 and x.
16
Suppose 2*z - 14 = -0. Let s = 18 - 51. Let y = s + 61. What is the greatest common factor of z and y?
7
Let x = -43 + 17. Let p = x - -36. Suppose 0*c - 4*c = -160. Calculate the greatest common factor of p and c.
10
Let k(w) = -9*w + 3. Let s be k(-3). Let g be ((-6)/4)/((-12)/80). Let p = 16 - g. What is the greatest common factor of s and p?
6
Let r = -171 + 304. Let f(b) = b**2 - 30*b - 12. Let s be f(31). Calculate the highest common divisor of r and s.
19
Let t = 50 - 45. What is the greatest common factor of 35 and t?
5
Let v be ((-18)/(-9))/(1/23 - 0). Calculate the highest common factor of v and 69.
23
Suppose k - x + 27 - 79 = 0, -4*k - 4*x = -240. Calculate the highest common divisor of 28 and k.
28
Suppose -w = 2*q - 15, -4*q + 3*q + 30 = -4*w. What is the highest common divisor of q and 5?
5
Let y be (-60)/(-8)*(1 - -1). Suppose -y = 2*r - 3*r. 